r(a). Suppose -4*c + d + 16 = -3*d, 0 = c + 2*d + 5. Calculate z(c).
7
Let y(r) = -3*r**3 - 9*r**2 - 7*r + 7. Let o(k) = k**2 - 8*k + 15. Let v be o(4). Let w(n) = n**3 + n**2 - 1. Let j(i) = v*y(i) - 4*w(i). What is j(5)?
32
Let j = 55 + 25. Let v = -85 + j. Let a(k) = k**3 + 6*k**2 + 4*k - 5. What is a(v)?
0
Let d(f) = -f**2 - 7*f - 5. Suppose 0 = n + 13*n - 630. Suppose 0 = -5*x - n + 10. Determine d(x).
-5
Let i(x) be the third derivative of x**5/60 + 7*x**4/24 + 2*x**3/3 - 2*x**2. Let h be 40/15 + 1/(6/(-4)). Suppose 66 = -9*r - h*r. Calculate i(r).
-2
Let n(i) = i**2 - 15*i - 14. Let p be n(16). Let f(z) = 4*z**2 + 0*z**2 + 2*z**2 - 5*z**p - 10 + 5*z. Let u = -6 + -1. Give f(u).
4
Let y = 1381 + -1379. Let w(h) be the first derivative of 4*h**3/3 + h**2 - 3. What is w(y)?
20
Let z = -25 - -19. Let u be (z/(-21))/(4/84). Suppose t - 4 = -u. Let p(a) = -a**3 - a**2 - a - 2. Determine p(t).
4
Let i(p) = -p**2 + 17*p + 3. Let z be i(19). Let h = z + 47. Let b(f) = -4*f**2 + 21*f - h*f - 8*f. Calculate b(-2).
-18
Let f(d) = d**3 + 2*d**2 - d - 2. Suppose -k = 5*m - 28, -5*m = 2*k - 35 + 4. Suppose 4*q = -4*y - 16, -k = 2*q + q. Determine f(y).
-8
Let a = 14 + -9. Suppose a*w - 5 = -0. Let o(c) = c**2 + 2*c**3 + c**3 + 0*c**3 + w - 5*c**3. What is o(2)?
-11
Let y(w) = -16*w**2 - 2*w - 1. Let f(k) = 47*k**2 + 5*k + 3. Let j be -4 + (-5 - (-2 + 0)). Let l = -10 - j. Let m(q) = l*f(q) - 8*y(q). Give m(1).
-13
Let a(r) = -5*r - 19. Let q(k) = -2*k**2 - 13*k + 40. Let t be q(-9). Calculate a(t).
6
Let y = -413 + 417. Let a(k) = k**3 - 4*k**2 - 4*k + 3. Determine a(y).
-13
Suppose -5*l + 3*j + 16 = -14, 3*j + 27 = 4*l. Suppose 8*k - l*k = 15. Let y(n) = 2*n - 1. What is y(k)?
5
Let u = -627 - -620. Let a(s) = s + 19. Determine a(u).
12
Let q(l) = l**2 - 2*l - 7. Let u = -6 + 10. Let y be q(u). Let o(d) = -10*d + 2 - y + 8*d. Calculate o(4).
-7
Let j(w) be the third derivative of w**6/120 - w**5/5 - 3*w**3/2 - 12*w**2 - 2*w. What is j(12)?
-9
Let v = 0 + 0. Suppose 0*a - y - 2 = 3*a, 5*a - 3*y - 20 = v. Let f(n) = 2*n + 1. Let h(c) = c. Let j(x) = f(x) + h(x). What is j(a)?
4
Suppose -36 = -3*o - 12. Suppose -d - 12 = -o. Let k(f) = -f**2 - 2*f + 5. Give k(d).
-3
Suppose -5*l = -r - 0*r - 10, -4*r = 4*l - 32. Let m(a) = -a**3 - a**2 - 2*a + 3. Give m(l).
-39
Let q(l) be the first derivative of -l**3 - l**2 - 67. Calculate q(-3).
-21
Suppose -7*h + 2*h = -2*h. Let k(i) = -i - 17. Determine k(h).
-17
Let k(q) = -q**3 - 8*q**2 - 10*q - 13. Let o(t) = -2*t**2 + 34*t - 151. Let c be o(8). What is k(c)?
8
Suppose 5*h + 37 = 92. Suppose 0 = -5*u + 9 + h. Let n(o) = o**3 - u + 0*o**3 + 3*o + 4*o**2 + 2 + 3. Determine n(-2).
3
Let p(n) = n**3 + 16*n**2 + 1. Let t = -803 - -787. Calculate p(t).
1
Suppose i = -4*i - 35. Let f = 10 + -4. Let q(r) = -8 - f + 4 - 14*r + 13*r. What is q(i)?
-3
Let w be (0 + -2)/(3/(-12)). Suppose 3*v = v - w. Let f(o) = -o**2 - 3*o - 4. What is f(v)?
-8
Let m(h) = -7*h - 7. Suppose 125*s = 140*s + 90. What is m(s)?
35
Let l(g) = -11*g**3 - g**2 - 3*g + 8. Let r(b) = 5*b**3 + b - 4. Let k(f) = -4*l(f) - 9*r(f). Let w = 9 + -42. Let n be (110/w)/(2/(-3)). Calculate k(n).
-6
Let f(r) = -2*r - 1. Suppose -3*m + 4*o = m - 12, 5*o + 15 = 4*m. Suppose 2*p + 10 = m, -5*h - p = -3*h + 5. Suppose 0 = -h*d + 4*d + 12. Give f(d).
5
Let u = 22 + -15. Let y(z) = -z + 6 - 14 + u. Give y(2).
-3
Let j(q) = 15*q**2 - q - 32. Let i(p) = -7*p**2 + p + 15. Let c(o) = -13*i(o) - 6*j(o). What is c(8)?
5
Let d(p) = p**3 + p**2 + 4*p. Suppose 3 = 3*g - 3*v, -5*v = -2*g - 9*v - 22. Determine d(g).
-30
Let c(g) = g + 4. Let o(z) = 6*z + 19. Let f(y) = -11*c(y) + 2*o(y). What is f(-5)?
-11
Let w(x) = 0*x**2 + 5*x**2 - 2*x**2 - 2*x**2 + 3 + 7*x. Suppose 0 = s - 2*f - 12 - 4, s = -4*f - 14. Let d be (-3)/s + 27/(-6). Calculate w(d).
-7
Suppose 3*x + 2 = 2*o, -16 = -2*x - o - 2*o. Let c(n) = -4 + 5*n - 2 + 5 + x. Give c(-2).
-9
Let u(m) = 9*m**3 + 7*m**2 - 7*m - 6. Let a(y) = 2*y**3 + 1. Let l(q) = 4*a(q) - u(q). What is l(-8)?
18
Let x(n) = 42*n + 43*n - 133*n + 47*n. Calculate x(-3).
3
Let r(k) = 7*k**2 + 18*k - 12. Let t(z) = -2*z**2 - 7*z + 4. Let u(x) = 3*r(x) + 8*t(x). Give u(-3).
47
Suppose 7*k - 3*k = 12. Let l(t) = -7 - t**k - 1 - 4*t**2 + 5 - 2 + 5*t. Determine l(-5).
-5
Let o(n) = -n**2 - 4*n + 20. Let s be (-320)/52 - 3/((-156)/8). Give o(s).
8
Let i(s) = -s**3 + 4*s**2 + 6*s - 8. Suppose -12 = -2*u - m, -5*u - 2*m + 5*m + 19 = 0. Give i(u).
-3
Let f(i) = i**3 + 15*i**2 + 18*i + 61. Let a be f(-14). Let j(g) = g**3 - 4*g**2 + g + 2. Determine j(a).
32
Let h(t) = -t**3 - 3. Suppose -38 = p - m, 111 + 0 = -3*p + 2*m. Let n = 35 + p. Give h(n).
-3
Let k = 43 - 46. Let n(l) = -3*l + 10. Let y(v) = -2*v + 6. Let f(j) = k*n(j) + 5*y(j). Suppose 3*i = i + 4*x, 3 = x. Give f(i).
-6
Let b(r) = r**2 + 4*r - 12. Let d = 1224 + -1230. Calculate b(d).
0
Let n = 13 - 11. Let t(x) = -2*x**n - 48*x**3 - 47*x**3 + 102*x**3 - x. Give t(-1).
-8
Let v(f) be the second derivative of -f**5/40 + f**4/6 + f**3/6 - 28*f. Let t(p) be the second derivative of v(p). Calculate t(-6).
22
Let i(m) = -7 - 1 + 0 + 9 - 11*m - m. What is i(-1)?
13
Let a(i) be the first derivative of 3*i**2/2 + 3*i - 392. What is a(-4)?
-9
Let y(n) = 2*n + 8*n + 5*n - 4*n + 7 + 3. What is y(-1)?
-1
Suppose 7*y - 4*l = 10*y - 20, -3*y - l + 14 = 0. Let h(r) = r**3 - 3*r**2 - 2*r - 7. Determine h(y).
1
Let l(c) = 21*c**2 + 2*c - c - 41*c**2 + 47*c**2. Give l(-1).
26
Let d(r) be the first derivative of -r**2/2 + 5*r + 14. What is d(-10)?
15
Let m(l) be the third derivative of l**6/120 + l**5/10 + 11*l**4/24 + 2*l**3/3 - 407*l**2. What is m(-3)?
-2
Let f(g) = -g - 1. Let r(d) = -7*d - 12. Let j(h) = -h**2 - 17*h + 24. Let i be j(-18). Let v(x) = i*f(x) - r(x). Give v(-6).
0
Let g be -2 + (-36)/6 - (-2 - 0). Let a(b) = b**3 + 5*b**2 - 8*b - 6. What is a(g)?
6
Suppose 6*j = -76 + 118. Let i(r) = r**2 - r + 6. What is i(j)?
48
Suppose 5*t - 9*t + 12 = 0. Suppose w + 1 = 2*o, 3*w - t*o = 2*o - 2. Let l(b) be the first derivative of -b**2 + b - 9. Give l(w).
-1
Let y(v) = 7*v**3 + 6*v**2 - v + 19. Let r(o) = o**2 + 3. Let q(z) = 6*r(z) - y(z). Calculate q(2).
-55
Suppose -2 = -2*j + 4*y, 4*j - 5*y + 11 = 24. Let v(w) = -8*w + 10. Give v(j).
-46
Let u(k) = -k + 2*k**2 - 3*k + 18 - 7 - k**2. Calculate u(8).
43
Let i(w) be the first derivative of -3*w**2 + 3*w - 1 + 1/3*w**3. Let l = -9 - -11. Determine i(l).
-5
Suppose 3*c = 0, -b - 5*c - 3 = -0*c. Let a(n) = n**3 + 2*n**2 - 4*n - n + n. Determine a(b).
3
Let c(n) = -17*n**3 - 3 - 31*n - 146*n**2 + 18*n**3 + 116*n**2. Determine c(31).
-3
Let b(j) = -2*j**3 - 32*j**2 - 31*j - 21. Let c be b(-15). Let q(f) = 5 - 6 - 3 - f. Give q(c).
2
Suppose 5*j + 30 = -24*b + 25*b, -2*j = -3*b + 25. Let p(h) = h**3 - 5*h**2 + 4*h - 14. What is p(b)?
6
Let t(i) be the third derivative of 1/8*i**4 + 1/2*i**3 + 0*i - 11*i**2 + 0 - 1/120*i**6 - 1/12*i**5. Determine t(-5).
-12
Let d = -1900 - -1910. Let r(m) = m**3 - 11*m**2 + 10*m - 6. Determine r(d).
-6
Let s(q) be the second derivative of q**4/12 - 5*q**3/2 + 4*q - 92. What is s(7)?
-56
Let c(h) = 2*h + 8. Let b(a) = -4*a - 9. Let g(w) = -3*b(w) - 4*c(w). Determine g(9).
31
Let b(i) = -8*i - 9*i + 18*i + 2 - 1 + 0*i. What is b(-1)?
0
Let q = 373 + -373. Let k(h) = -h**2 + 2*h - 14. Determine k(q).
-14
Let c(i) = i - 14. Let y be (66/(-15))/(1 + (-28)/20). Determine c(y).
-3
Let j(q) = -2*q + 2. Suppose 40*p - 14 = 26. Give j(p).
0
Let s(w) = w**2 + 6*w + 6. Let c be -10 - (-5)/(5/6). Calculate s(c).
-2
Let r = -114 - -121. Let y(x) = x**2 - 8*x. Calculate y(r).
-7
Let s(w) = -w**3 - 5*w**2 - 3*w + 2. Let x = 50 - 20. Suppose -5*t = x - 10. Calculate s(t).
-2
Let p(h) = -13*h - 11. Let z(t) = -16*t - 10. Let o(c) = -9*p(c) + 8*z(c). Calculate o(2).
-3
Let i(f) = f**2 - f - 2. Let j(g) = -3 + 3*g - 3*g - 5*g - 10. Let b be j(-3). Calculate i(b).
0
Let j(f) = -3*f**3 - 8*f**2 - f + 4. Let h(d) = -4*d**3 - 9*d**2 + d + 5. Let n(v) = 2*h(v) - 3*j(v). Let k be (-2)/(-6) + (-13)/3. Calculate n(k).
10
Let d(t) be the first derivative of 12*t**2 + 4*t - 161. Give d(2).
52
Let p be (-9)/6*4/(-3). Suppose 10 + 2 = p*j. Let t(z) = -z**2 + 8*z + 2. Calculate t(j).
14
Let n(z) = -3*z + 50*z**2 - 88*z**2 + 39*z**2 - 2. What is n(-2)?
8
Let 